) - 4*t(l). Is j(x) composite?
True
Let l(m) = 34*m - 459. Is l(22) composite?
True
Suppose -3*g = 2*u - 4*u + 1183, -2*u + 1578 = -4*g. Is 3 + (-2 - 1) - g composite?
True
Let x(b) = -554*b - 38. Is x(-18) a prime number?
False
Let z(u) = -u**3 + 9*u**2 - 8*u. Let h = 18 + -10. Let q be z(h). Suppose 411 = j - q*j - 2*p, -j + 417 = 4*p. Is j prime?
False
Let n = 14 + 144. Suppose 0 = -3*m + 316 + n. Is m a composite number?
True
Let q(t) = -3*t**3 + 12*t**2 - 2*t + 1. Let f be q(-10). Suppose -3*r + 0*r + f = 0. Suppose 0 = 15*j - 12*j - r. Is j composite?
True
Suppose 3*f = 12, 4*o - 3263 = 4*f + 1917. Suppose 2791 = 10*p - o. Is p a composite number?
False
Suppose p - 2 = 5. Is 34 - (3 - p)/1 prime?
False
Suppose -2*h + 5577 = 4*y - 917, -2*h + 2*y + 6518 = 0. Let m = h - 1270. Is m a prime number?
False
Let s(z) = 0*z + 225*z**2 - 105*z**2 - 7 - 115*z**2 + 3*z. Is s(11) prime?
True
Suppose -6862 = -4*k - 3*s + 15154, -3*s = -3*k + 16533. Is k a prime number?
True
Suppose -535769 = 37*h - 50*h. Is h a composite number?
False
Let s = -16036 + 25379. Is s prime?
True
Let v be 4/(2 - 6) - 4. Is (153/(-12))/(v/20) a composite number?
True
Let l be ((-32)/(-6))/(2/6). Let z = l - 26. Let r = 35 + z. Is r a composite number?
True
Let u(f) = 340*f - 2. Let v be u(2). Let r = -932 + 595. Let i = v + r. Is i a prime number?
False
Let n(p) = -58*p**2 + 25*p + 9. Let w be n(18). Is w/(-45) + (-2)/5 composite?
True
Suppose 3*q - 266179 = -4*j, q - 88705 = 11*j - 7*j. Is q prime?
True
Let f(o) = o**2 - 3. Let i be f(5). Let l = -22 + i. Suppose l = -5*z + 2*z + 2*u + 709, 4*z = -u + 938. Is z composite?
True
Let i(f) = -6978*f**3 + f**2. Is i(-1) a composite number?
True
Let u = -228 - -913. Is u composite?
True
Suppose -80 = -11*l + 7*l. Suppose 265 = -l*r + 21*r. Is r a prime number?
False
Let y(a) = 3*a**2 - 88*a + 187. Is y(36) composite?
False
Suppose 12*c = 9397 - 2269. Let i = c - -1651. Is i composite?
True
Let y(b) = 5*b**3 - 2*b**2 + 5*b - 5. Let v be y(4). Suppose -d + 2*d - v = 0. Suppose -4*f + d = -169. Is f a composite number?
True
Let j = 3036 - 829. Let q = -1338 + j. Is q a prime number?
False
Let t be (-4)/(-16) + 1/(-8)*2. Suppose a = -5*h + 1569, 4*a - 6293 = -3*h - t*h. Is a a composite number?
True
Let i = -464 + 650. Suppose -4*p - i + 31 = -3*a, 5*a - p = 247. Is a a prime number?
False
Let h(y) = -43*y**3 + y**2 - 9*y + 11. Let q be h(-5). Suppose 4*j = 4*p - q, -3*p = -j - 0*j - 4086. Is p composite?
False
Let a(p) = p**3 + 2*p**2 - 2. Let h be a(2). Let l(o) = o - 4*o**3 + 13 + 9*o**3 - 13*o**2 - 4*o**3. Is l(h) a composite number?
False
Suppose b = -2*b - 3*m + 10926, -2*b - 4*m = -7282. Is b composite?
False
Let a(r) = r**3 + 3*r**2 - 3*r + 1. Let g(n) = n**3 + 6*n**2 - 5*n + 10. Let b be g(-7). Let x be a(b). Is (84 + -1)*1 - x a composite number?
True
Suppose -3*b + 2*w - 6*w + 622 = 0, -w = 5. Suppose -2*p + 5*l + 148 = 0, -5*l - 8 = -3*p + b. Is p prime?
False
Let f be (-66)/(-14) + 0 - (-2)/7. Suppose -7535 = -f*m + 8960. Is m composite?
False
Suppose 18*d - 99*d = -579879. Is d a composite number?
False
Let b(k) = 4*k**2 - 6*k - 3. Suppose -3*c + 0*c + 5*n = -37, 13 = -3*c - 5*n. Let x be 4/c*(1 + 10). Is b(x) composite?
True
Suppose 12 - 39 = -u. Suppose -24 = 4*k - 0*k. Let o = u - k. Is o a prime number?
False
Suppose 2*c + 12 = 3*z - 0*z, -3*c = z - 4. Suppose 0 = -4*f - z, 4*p - 81 = 5*f + 76. Suppose p - 8 = 3*b. Is b a composite number?
True
Let z be (2/3)/(1/((-579)/2)). Suppose -4*f = -f + 2142. Let w = z - f. Is w prime?
True
Suppose -3*s - 5*t - 27 = 0, -4*t = 4*s + t + 36. Let n(g) = g**3 + 8*g**2 - 10*g - 10. Let q be n(s). Let d(x) = 34*x**2 - x - 1. Is d(q) a composite number?
True
Let p(v) = -3*v**2 + 2*v + 4 + 10*v**3 - 140*v**3 + 0*v**2. Let h be p(-2). Suppose -5*t + 3193 = -4*o, -3*t + h = 2*o - 901. Is t prime?
True
Let i(l) = -2*l**3 - 33*l**2 + 8*l - 7. Let f = 21 - 41. Is i(f) prime?
True
Suppose -5*l + 3*l + 4*j = -194, -194 = -2*l + 5*j. Let p(u) = u**2 + u - 3. Let k be p(-3). Let w = l - k. Is w composite?
True
Let v(q) = 9120*q - 1. Is v(1) prime?
False
Let b be ((-75660)/8)/(-13)*(-8)/(-10). Let z = 1369 - b. Is z a composite number?
False
Suppose 0 = 8*y + 4*y - 28104. Is y composite?
True
Let c = -39278 + 58717. Is c a prime number?
False
Suppose -6 = -d + 7*d. Is (d - 1 - -75)*2 prime?
False
Let y = 37414 + -18551. Is y a prime number?
False
Let z = 658 + 66. Suppose h = -4*l - 4*h + 1941, h = 3*l - 1470. Let m = z - l. Is m a composite number?
True
Suppose -3*p = -o - 33527, 2*p - 22338 = -0*p + 4*o. Is p prime?
True
Let h = -25 + 29. Let y(o) = 3*o**2 + 5*o - 13. Is y(h) composite?
True
Suppose 4*d = -5*p + 1923, -4*d + 5*p - 564 + 2457 = 0. Suppose -5*w = -1068 - d. Is w composite?
True
Is 3194 - 44/(-8)*2 composite?
True
Let j(v) = v**3 - 7*v**2 - 10*v + 6. Let p be j(8). Let q(b) = b**2 - 4*b + 9. Is q(p) composite?
False
Let m(j) = j - 8. Let w be m(9). Is (402/15)/(w/5) prime?
False
Let y be (-2)/(-1 + (-15)/(-13)). Let p = -15 - y. Is (3 - 2)/(p/(-118)) prime?
True
Let l(q) be the third derivative of q**5/10 + 7*q**4/12 - 15*q**3/2 - 16*q**2. Is l(24) composite?
True
Let m(h) = 3*h**2 + 45*h + 221. Is m(-32) composite?
True
Suppose -3*p = -13 + 1. Suppose 0 = -p*g - 233 + 1329. Is g a prime number?
False
Is (26/39)/(2/16413) prime?
True
Let i(z) = -z**3 + 6*z**2 + z - 6. Let n be i(6). Is 3 + -4 + (n - -146) prime?
False
Suppose 0 = -5*v - 2 - 3. Is (224 - 1)/(v + 2) a composite number?
False
Let t = -300 + 653. Suppose 0 = -0*i + i - t. Is i a composite number?
False
Let u be 0/(-5) + -1 + 102. Suppose 0 = 4*q + u - 4657. Is q composite?
True
Suppose -2878 = -5*k - 3*m, -k - k + m + 1149 = 0. Let r = k - -948. Is r a composite number?
False
Suppose -2*l + 3 + 1 = 0, 0 = 5*h - 2*l - 15541. Is h composite?
False
Let y = 41538 - 16715. Is y a prime number?
False
Suppose 4*j + 30516 = 5*s, -s + 2*j + 6120 = -3*j. Suppose -7 = -2*a + 1, 3*a + s = 4*n. Is ((-6)/4)/((-12)/n) a prime number?
True
Is (1 - (-6)/3)*396475/75 a composite number?
False
Let w = -10 + 18. Let a = -6 + w. Suppose a*l - 348 = 74. Is l prime?
True
Suppose -38*f + 55154 + 104484 = 0. Is f a prime number?
True
Let k = -88 - -183. Suppose -2*n + k + 75 = 0. Is n a prime number?
False
Suppose a + 3*j + 24 = 0, -2*a - 4*j + 0*j - 40 = 0. Let y be ((-15)/a)/((-2)/1016). Let n = y - -942. Is n prime?
True
Let c = 5471 - -4677. Suppose -32124 + c = -8*u. Is u prime?
False
Is (-2309)/3*(37 - 46) prime?
False
Let z(l) be the third derivative of -l**5/60 - 11*l**4/24 - 19*l**3/6 + 7*l**2. Let f be z(-9). Is (4/6 + f)*-1005 prime?
False
Let p(w) = -w**3 + 5*w**2 + 3. Let r be p(5). Suppose 2*c = -0*c - 6, r*s = -c + 1881. Let z = s + 169. Is z a prime number?
True
Let k(n) be the third derivative of -n**5/60 - n**4/6 + n**3/3 - 2*n**2. Let w be k(-4). Suppose -w*i = 185 - 693. Is i a prime number?
False
Let u(a) = 5*a**3 - 4*a**2 + 8*a - 8. Let n be u(8). Suppose k + 3*k - n = 0. Is (30/(-25))/((-4)/k) composite?
True
Is ((-24)/(-72))/(1/1347) composite?
False
Let b(v) = -4*v - 2. Let k(i) = -i**3 + 7*i**2 - 7*i. Let q be k(6). Let r be b(q). Suppose -3*l + 641 + r = 0. Is l prime?
False
Suppose 3*d = 9, -c = 2*c + 3*d - 18. Suppose c*g = 291 - 24. Is g prime?
True
Let w = 6 - 3. Suppose -w*g + 748 - 211 = 0. Let m = 432 - g. Is m prime?
False
Let v(g) = 4231*g + 40. Is v(7) composite?
True
Suppose -55 = 3*s - 4*s. Let c = 114 - s. Let a = c + 0. Is a a prime number?
True
Suppose -4*j = 6*p - 1610, 3*p - 138 = 4*j + 691. Is p composite?
False
Let y(p) = 115*p + 9. Let d be 4 + 0/(-8 + 3). Is y(d) prime?
False
Let t be (-1)/((-3)/(-3))*(-394)/2. Suppose 480 = 5*h - 5*s, 0 = -9*h + 7*h - 3*s + t. Is h a prime number?
True
Let w(x) = 2*x**2 + 5*x + 10. Let g = 58 - 38. Let b be (g/60)/((-1)/9). Is w(b) a prime number?
True
Suppose 7*f = 1798 + 260. Suppose -l = 3*u - f, -u + 3*u + 5*l - 209 = 0. Is u a prime number?
True
Suppose 371 = 3*j + 5*u, -5*j = -0*u - 2*u - 577. Let l = j + -73. Suppose d - l = 353. Is d a prime number?
True
Let l(m) = 58 - 69 + 23*m + 21*m. Is l(5) composite?
True
Suppose 11 = -2*j + 31. Let m(s) = s**3 - 11*s**2 + 11*s - 7. Let d be m(j). Suppose 147 = -2*a + d*a + 2*l, 3*l = 4*a - 643. Is a pr